{"id":154277,"date":"2026-09-03T15:12:19","date_gmt":"2026-09-03T13:12:19","guid":{"rendered":"https:\/\/motorworld.de\/event\/alpscon-erlebe-die-zukunft-von-defi\/"},"modified":"2026-09-03T15:12:19","modified_gmt":"2026-09-03T13:12:19","slug":"alpscon-erlebe-die-zukunft-von-defi","status":"publish","type":"tribe_events","link":"https:\/\/motorworld.de\/es\/event\/alpscon-erlebe-die-zukunft-von-defi\/","title":{"rendered":"AlpsCon &#8211; Erlebe die Zukunft von DeFi"},"content":{"rendered":"<p><strong>Sum\u00e9rjase en el mundo de la inteligencia artificial, la tecnolog\u00eda blockchain y las innovaciones digitales \ud83d\ude80<\/strong><\/p>\n<p>En este evento exclusivo, obtendr\u00e1 informaci\u00f3n interesante sobre las tecnolog\u00edas modernas relacionadas con la inteligencia artificial y las criptomonedas, as\u00ed como sobre sus posibles \u00e1mbitos de aplicaci\u00f3n en un mundo cada vez m\u00e1s digital.<\/p>\n<p>Se hace hincapi\u00e9 en la descentralizaci\u00f3n, la responsabilidad propia y la gesti\u00f3n segura de los activos digitales. Se muestra c\u00f3mo se pueden utilizar las tecnolog\u00edas innovadoras para que los procesos sean m\u00e1s eficientes, transparentes e independientes. <\/p>\n<p><strong>Disfrute de interesantes conversaciones, nuevas perspectivas y un intercambio inspirador sobre los avances tecnol\u00f3gicos del futuro \ud83c\udf0d\u2728<\/strong><\/p>\n","protected":false},"excerpt":{"rendered":"<p>Sum\u00e9rjase en el mundo de la inteligencia artificial, la tecnolog\u00eda blockchain y las innovaciones digitales \ud83d\ude80 En este evento exclusivo, obtendr\u00e1 informaci\u00f3n interesante sobre las tecnolog\u00edas modernas relacionadas con la [&hellip;]<\/p>\n","protected":false},"author":1,"featured_media":154276,"template":"","meta":{"_acf_changed":false,"_tribe_events_status":"","_tribe_events_status_reason":"","_tribe_events_is_hybrid":"","_tribe_events_is_virtual":"","_tribe_events_virtual_video_source":"","_tribe_events_virtual_embed_video":"","_tribe_events_virtual_linked_button_text":"","_tribe_events_virtual_linked_button":"","_tribe_events_virtual_show_embed_at":"","_tribe_events_virtual_show_embed_to":[],"_tribe_events_virtual_show_on_event":"","_tribe_events_virtual_show_on_views":"","_tribe_events_virtual_url":"","footnotes":""},"tags":[153],"tribe_events_cat":[109],"class_list":["post-154277","tribe_events","type-tribe_events","status-publish","has-post-thumbnail","hentry","tag-sonstiges","tribe_events_cat-mallorca","cat_mallorca"],"acf":[],"_links":{"self":[{"href":"https:\/\/motorworld.de\/es\/wp-json\/wp\/v2\/tribe_events\/154277","targetHints":{"allow":["GET"]}}],"collection":[{"href":"https:\/\/motorworld.de\/es\/wp-json\/wp\/v2\/tribe_events"}],"about":[{"href":"https:\/\/motorworld.de\/es\/wp-json\/wp\/v2\/types\/tribe_events"}],"author":[{"embeddable":true,"href":"https:\/\/motorworld.de\/es\/wp-json\/wp\/v2\/users\/1"}],"version-history":[{"count":0,"href":"https:\/\/motorworld.de\/es\/wp-json\/wp\/v2\/tribe_events\/154277\/revisions"}],"wp:featuredmedia":[{"embeddable":true,"href":"https:\/\/motorworld.de\/es\/wp-json\/wp\/v2\/media\/154276"}],"wp:attachment":[{"href":"https:\/\/motorworld.de\/es\/wp-json\/wp\/v2\/media?parent=154277"}],"wp:term":[{"taxonomy":"post_tag","embeddable":true,"href":"https:\/\/motorworld.de\/es\/wp-json\/wp\/v2\/tags?post=154277"},{"taxonomy":"tribe_events_cat","embeddable":true,"href":"https:\/\/motorworld.de\/es\/wp-json\/wp\/v2\/tribe_events_cat?post=154277"}],"curies":[{"name":"wp","href":"https:\/\/api.w.org\/{rel}","templated":true}]}}

<p><strong>Sumérjase en el mundo de la inteligencia artificial, la tecnología blockchain y las innovaciones digitales 🚀</strong></p>
<p>En este evento exclusivo, obtendrá información interesante sobre las tecnologías modernas relacionadas con la inteligencia artificial y las criptomonedas, así como sobre sus posibles ámbitos de aplicación en un mundo cada vez más digital.</p>
<p>Se hace hincapié en la descentralización, la responsabilidad propia y la gestión segura de los activos digitales. Se muestra cómo se pueden utilizar las tecnologías innovadoras para que los procesos sean más eficientes, transparentes e independientes. </p>
<p><strong>Disfrute de interesantes conversaciones, nuevas perspectivas y un intercambio inspirador sobre los avances tecnológicos del futuro 🌍✨</strong></p>

<p>Sumérjase en el mundo de la inteligencia artificial, la tecnología blockchain y las innovaciones digitales 🚀 En este evento exclusivo, obtendrá información interesante sobre las tecnologías modernas relacionadas con la [&hellip;]</p>
