{"id":145641,"date":"2026-03-11T16:19:20","date_gmt":"2026-03-11T15:19:20","guid":{"rendered":"https:\/\/motorworld.de\/event\/kick-off-2026-das-grosse-clubtreffen\/"},"modified":"2026-04-07T14:18:32","modified_gmt":"2026-04-07T12:18:32","slug":"kick-off-2026-das-grosse-clubtreffen","status":"publish","type":"tribe_events","link":"https:\/\/motorworld.de\/es\/event\/kick-off-2026-das-grosse-clubtreffen\/","title":{"rendered":"Kick-Off 2026"},"content":{"rendered":"<p><strong>\u00a1Ya sean coches cl\u00e1sicos, deportivos o supercoches! <\/strong><\/p>\n<p>En Motorworld Mallorca, el 5 de abril, de 12:00 a 15:00, se dan cita todos. Aprovechando el buen tiempo, el Domingo de Pascua daremos juntos el pistoletazo de salida a la temporada 2026 y tendr\u00e9is la oportunidad de estar presentes para conocer de primera mano, de la A a la Z, el variado panorama automovil\u00edstico de la isla.  <\/p>\n<p><strong>Le rogamos mantenga libres los aparcamientos a partir del s\u00e1bado, 04.04.26 (v\u00e9ase m\u00e1s abajo).<\/strong><\/p>\n<p>&nbsp;<\/p>\n<p><img fetchpriority=\"high\" decoding=\"async\" class=\"alignnone wp-image-146080 size-full\" src=\"https:\/\/motorworld.de\/wp-content\/uploads\/2026\/03\/mallorca-kick-off-plan.png\" alt=\"Plano de emplazamiento de un aparcamiento y dise\u00f1o de edificio con rotonda, plazas de aparcamiento, \u00e1rboles y dos zonas de construcci\u00f3n marcadas.\" width=\"845\" height=\"656\" srcset=\"https:\/\/motorworld.de\/wp-content\/uploads\/2026\/03\/mallorca-kick-off-plan.png 845w, https:\/\/motorworld.de\/wp-content\/uploads\/2026\/03\/mallorca-kick-off-plan-300x233.png 300w, https:\/\/motorworld.de\/wp-content\/uploads\/2026\/03\/mallorca-kick-off-plan-768x596.png 768w\" sizes=\"(max-width: 845px) 100vw, 845px\" \/><\/p>\n","protected":false},"excerpt":{"rendered":"<p>\u00a1Ya sean coches cl\u00e1sicos, deportivos o supercoches! En Motorworld Mallorca, el 5 de abril, de 12:00 a 15:00, se dan cita todos. Aprovechando el buen tiempo, el Domingo de Pascua [&hellip;]<\/p>\n","protected":false},"author":1,"featured_media":146078,"template":"","meta":{"_acf_changed":false,"_tribe_events_status":"","_tribe_events_status_reason":"","_tribe_events_is_hybrid":"","_tribe_events_is_virtual":"","_tribe_events_virtual_video_source":"","_tribe_events_virtual_embed_video":"","_tribe_events_virtual_linked_button_text":"","_tribe_events_virtual_linked_button":"","_tribe_events_virtual_show_embed_at":"","_tribe_events_virtual_show_embed_to":[],"_tribe_events_virtual_show_on_event":"","_tribe_events_virtual_show_on_views":"","_tribe_events_virtual_url":"","footnotes":""},"tags":[125],"tribe_events_cat":[109],"class_list":["post-145641","tribe_events","type-tribe_events","status-publish","has-post-thumbnail","hentry","tag-fahrzeugtreffen","tribe_events_cat-mallorca","cat_mallorca"],"acf":[],"_links":{"self":[{"href":"https:\/\/motorworld.de\/es\/wp-json\/wp\/v2\/tribe_events\/145641","targetHints":{"allow":["GET"]}}],"collection":[{"href":"https:\/\/motorworld.de\/es\/wp-json\/wp\/v2\/tribe_events"}],"about":[{"href":"https:\/\/motorworld.de\/es\/wp-json\/wp\/v2\/types\/tribe_events"}],"author":[{"embeddable":true,"href":"https:\/\/motorworld.de\/es\/wp-json\/wp\/v2\/users\/1"}],"version-history":[{"count":5,"href":"https:\/\/motorworld.de\/es\/wp-json\/wp\/v2\/tribe_events\/145641\/revisions"}],"predecessor-version":[{"id":146177,"href":"https:\/\/motorworld.de\/es\/wp-json\/wp\/v2\/tribe_events\/145641\/revisions\/146177"}],"wp:featuredmedia":[{"embeddable":true,"href":"https:\/\/motorworld.de\/es\/wp-json\/wp\/v2\/media\/146078"}],"wp:attachment":[{"href":"https:\/\/motorworld.de\/es\/wp-json\/wp\/v2\/media?parent=145641"}],"wp:term":[{"taxonomy":"post_tag","embeddable":true,"href":"https:\/\/motorworld.de\/es\/wp-json\/wp\/v2\/tags?post=145641"},{"taxonomy":"tribe_events_cat","embeddable":true,"href":"https:\/\/motorworld.de\/es\/wp-json\/wp\/v2\/tribe_events_cat?post=145641"}],"curies":[{"name":"wp","href":"https:\/\/api.w.org\/{rel}","templated":true}]}}

<p><strong>¡Ya sean coches clásicos, deportivos o supercoches! </strong></p>
<p>En Motorworld Mallorca, el 5 de abril, de 12:00 a 15:00, se dan cita todos. Aprovechando el buen tiempo, el Domingo de Pascua daremos juntos el pistoletazo de salida a la temporada 2026 y tendréis la oportunidad de estar presentes para conocer de primera mano, de la A a la Z, el variado panorama automovilístico de la isla.  </p>
<p><strong>Le rogamos mantenga libres los aparcamientos a partir del sábado, 04.04.26 (véase más abajo).</strong></p>
<p>&nbsp;</p>
<p><img fetchpriority="high" decoding="async" class="alignnone wp-image-146080 size-full" src="https://motorworld.de/wp-content/uploads/2026/03/mallorca-kick-off-plan.png" alt="Plano de emplazamiento de un aparcamiento y diseño de edificio con rotonda, plazas de aparcamiento, árboles y dos zonas de construcción marcadas." width="845" height="656" srcset="https://motorworld.de/wp-content/uploads/2026/03/mallorca-kick-off-plan.png 845w, https://motorworld.de/wp-content/uploads/2026/03/mallorca-kick-off-plan-300x233.png 300w, https://motorworld.de/wp-content/uploads/2026/03/mallorca-kick-off-plan-768x596.png 768w" sizes="(max-width: 845px) 100vw, 845px" /></p>

<p>¡Ya sean coches clásicos, deportivos o supercoches! En Motorworld Mallorca, el 5 de abril, de 12:00 a 15:00, se dan cita todos. Aprovechando el buen tiempo, el Domingo de Pascua [&hellip;]</p>
