{"id":145629,"date":"2026-03-11T17:06:11","date_gmt":"2026-03-11T16:06:11","guid":{"rendered":"https:\/\/motorworld.de\/event\/planschamaniadas-grosse-angrillen-bbq\/"},"modified":"2026-03-18T11:53:20","modified_gmt":"2026-03-18T10:53:20","slug":"planschamaniadas-grosse-angrillen-bbq","status":"publish","type":"tribe_events","link":"https:\/\/motorworld.de\/es\/event\/planschamaniadas-grosse-angrillen-bbq\/","title":{"rendered":"Planchamania <br>Den Grilltrend Plancha live erleben!"},"content":{"rendered":"<p><strong>Las planchas son cada vez m\u00e1s populares en Europa, ya que permiten hacer barbacoas vers\u00e1tiles y sociables en plancha caliente. Originaria de Espa\u00f1a y Francia, la plancha lleva tiempo celebrando su regreso. Las principales marcas de barbacoas tambi\u00e9n han ampliado su gama de productos para incluir planchas, promoviendo as\u00ed una nueva cultura de la barbacoa.  <\/strong><\/p>\n<p>FIRE&amp;FOOD reunir\u00e1 a las principales marcas de barbacoas, planchas y platos calientes en la isla espa\u00f1ola de Mallorca el 22 de marzo de 2026 con el evento de impulso \u00abPlanchamania\u00bb para presentar la variedad y las tendencias en torno a las planchas y los platos calientes. El evento tendr\u00e1 lugar en Motorworld Mallorca. Est\u00e1n invitados unos 500 invitados, entre los que se encuentran personas influyentes, prensa internacional y entusiastas de las planchas.  <\/p>\n<p><strong><a href=\"https:\/\/www.fire-food.com\/blogs\/news\/planchamania2026\" target=\"_blank\" rel=\"noopener\">Entradas e informaci\u00f3n  &gt;<\/a><\/strong><\/p>\n","protected":false},"excerpt":{"rendered":"<p>Las planchas son cada vez m\u00e1s populares en Europa, ya que permiten hacer barbacoas vers\u00e1tiles y sociables en plancha caliente. Originaria de Espa\u00f1a y Francia, la plancha lleva tiempo celebrando [&hellip;]<\/p>\n","protected":false},"author":1,"featured_media":145693,"template":"","meta":{"_acf_changed":false,"_tribe_events_status":"","_tribe_events_status_reason":"","_tribe_events_is_hybrid":"","_tribe_events_is_virtual":"","_tribe_events_virtual_video_source":"","_tribe_events_virtual_embed_video":"","_tribe_events_virtual_linked_button_text":"","_tribe_events_virtual_linked_button":"","_tribe_events_virtual_show_embed_at":"","_tribe_events_virtual_show_embed_to":[],"_tribe_events_virtual_show_on_event":"","_tribe_events_virtual_show_on_views":"","_tribe_events_virtual_url":"","footnotes":""},"tags":[121],"tribe_events_cat":[109],"class_list":["post-145629","tribe_events","type-tribe_events","status-publish","has-post-thumbnail","hentry","tag-eat-drink","tribe_events_cat-mallorca","cat_mallorca"],"acf":[],"_links":{"self":[{"href":"https:\/\/motorworld.de\/es\/wp-json\/wp\/v2\/tribe_events\/145629","targetHints":{"allow":["GET"]}}],"collection":[{"href":"https:\/\/motorworld.de\/es\/wp-json\/wp\/v2\/tribe_events"}],"about":[{"href":"https:\/\/motorworld.de\/es\/wp-json\/wp\/v2\/types\/tribe_events"}],"author":[{"embeddable":true,"href":"https:\/\/motorworld.de\/es\/wp-json\/wp\/v2\/users\/1"}],"version-history":[{"count":0,"href":"https:\/\/motorworld.de\/es\/wp-json\/wp\/v2\/tribe_events\/145629\/revisions"}],"wp:featuredmedia":[{"embeddable":true,"href":"https:\/\/motorworld.de\/es\/wp-json\/wp\/v2\/media\/145693"}],"wp:attachment":[{"href":"https:\/\/motorworld.de\/es\/wp-json\/wp\/v2\/media?parent=145629"}],"wp:term":[{"taxonomy":"post_tag","embeddable":true,"href":"https:\/\/motorworld.de\/es\/wp-json\/wp\/v2\/tags?post=145629"},{"taxonomy":"tribe_events_cat","embeddable":true,"href":"https:\/\/motorworld.de\/es\/wp-json\/wp\/v2\/tribe_events_cat?post=145629"}],"curies":[{"name":"wp","href":"https:\/\/api.w.org\/{rel}","templated":true}]}}

<p><strong>Las planchas son cada vez más populares en Europa, ya que permiten hacer barbacoas versátiles y sociables en plancha caliente. Originaria de España y Francia, la plancha lleva tiempo celebrando su regreso. Las principales marcas de barbacoas también han ampliado su gama de productos para incluir planchas, promoviendo así una nueva cultura de la barbacoa.  </strong></p>
<p>FIRE&amp;FOOD reunirá a las principales marcas de barbacoas, planchas y platos calientes en la isla española de Mallorca el 22 de marzo de 2026 con el evento de impulso «Planchamania» para presentar la variedad y las tendencias en torno a las planchas y los platos calientes. El evento tendrá lugar en Motorworld Mallorca. Están invitados unos 500 invitados, entre los que se encuentran personas influyentes, prensa internacional y entusiastas de las planchas.  </p>
<p><strong><a href="https://www.fire-food.com/blogs/news/planchamania2026" target="_blank" rel="noopener">Entradas e información  &gt;</a></strong></p>

<p>Las planchas son cada vez más populares en Europa, ya que permiten hacer barbacoas versátiles y sociables en plancha caliente. Originaria de España y Francia, la plancha lleva tiempo celebrando [&hellip;]</p>
