{"id":145086,"date":"2026-02-25T16:25:38","date_gmt":"2026-02-25T15:25:38","guid":{"rendered":"https:\/\/motorworld.de\/event\/oktobikefest\/"},"modified":"2026-02-25T16:25:38","modified_gmt":"2026-02-25T15:25:38","slug":"oktobikefest","status":"publish","type":"tribe_events","link":"https:\/\/motorworld.de\/es\/event\/oktobikefest\/","title":{"rendered":"OKTOBIKEFEST"},"content":{"rendered":"<p><strong>Oktobikefest es el primer festival internacional dedicado al ciclismo en Mallorca. Las marcas m\u00e1s prestigiosas del sector, expositores, expertos, deportistas y p\u00fablico ciclista encontrar\u00e1n en los m\u00e1s de 1100 m\u00b2 de exposici\u00f3n los \u00faltimos avances tecnol\u00f3gicos, oportunidades para forjar nuevos lazos y probar productos.  <\/strong><\/p>\n<p>Durante 4 d\u00edas Mallorca se convertir\u00e1 en el punto de encuentro global para la comunidad ciclista y lo har\u00e1 en Motorworld Mallorca. Sin duda el festival no solo atraer\u00e1 a los amantes del ciclismo, sino tambi\u00e9n impulsar\u00e1 las colaboraciones, oportunidades de negocio y lanzamientos de temporada. Adem\u00e1s la oportunidad ser\u00e1 propicia para que el sector hotelero pueda ofrecer sus mejores ofertas y as\u00ed consolidar e impulsar a\u00fan m\u00e1s el liderazgo de Mallorca como destino de referencia en cicloturismo mundial. Para m\u00e1s informaci\u00f3n: <a href=\"https:\/\/www.oktobikefest.com\/\" target=\"_blank\" rel=\"noopener\">oktobikefest.com<\/a>   <\/p>\n","protected":false},"excerpt":{"rendered":"<p>Oktobikefest es el primer festival internacional dedicado al ciclismo en Mallorca. Las marcas m\u00e1s prestigiosas del sector, expositores, expertos, deportistas y p\u00fablico ciclista encontrar\u00e1n en los m\u00e1s de 1100 m\u00b2 [&hellip;]<\/p>\n","protected":false},"author":1,"featured_media":145085,"template":"","meta":{"_acf_changed":false,"_tribe_events_status":"","_tribe_events_status_reason":"","_tribe_events_is_hybrid":"","_tribe_events_is_virtual":"","_tribe_events_virtual_video_source":"","_tribe_events_virtual_embed_video":"","_tribe_events_virtual_linked_button_text":"","_tribe_events_virtual_linked_button":"","_tribe_events_virtual_show_embed_at":"","_tribe_events_virtual_show_embed_to":[],"_tribe_events_virtual_show_on_event":"","_tribe_events_virtual_show_on_views":"","_tribe_events_virtual_url":"","footnotes":""},"tags":[121,123,120],"tribe_events_cat":[109],"class_list":["post-145086","tribe_events","type-tribe_events","status-publish","has-post-thumbnail","hentry","tag-eat-drink","tag-messe","tag-sport","tribe_events_cat-mallorca","cat_mallorca"],"acf":[],"_links":{"self":[{"href":"https:\/\/motorworld.de\/es\/wp-json\/wp\/v2\/tribe_events\/145086","targetHints":{"allow":["GET"]}}],"collection":[{"href":"https:\/\/motorworld.de\/es\/wp-json\/wp\/v2\/tribe_events"}],"about":[{"href":"https:\/\/motorworld.de\/es\/wp-json\/wp\/v2\/types\/tribe_events"}],"author":[{"embeddable":true,"href":"https:\/\/motorworld.de\/es\/wp-json\/wp\/v2\/users\/1"}],"version-history":[{"count":0,"href":"https:\/\/motorworld.de\/es\/wp-json\/wp\/v2\/tribe_events\/145086\/revisions"}],"wp:featuredmedia":[{"embeddable":true,"href":"https:\/\/motorworld.de\/es\/wp-json\/wp\/v2\/media\/145085"}],"wp:attachment":[{"href":"https:\/\/motorworld.de\/es\/wp-json\/wp\/v2\/media?parent=145086"}],"wp:term":[{"taxonomy":"post_tag","embeddable":true,"href":"https:\/\/motorworld.de\/es\/wp-json\/wp\/v2\/tags?post=145086"},{"taxonomy":"tribe_events_cat","embeddable":true,"href":"https:\/\/motorworld.de\/es\/wp-json\/wp\/v2\/tribe_events_cat?post=145086"}],"curies":[{"name":"wp","href":"https:\/\/api.w.org\/{rel}","templated":true}]}}

<p><strong>Oktobikefest es el primer festival internacional dedicado al ciclismo en Mallorca. Las marcas más prestigiosas del sector, expositores, expertos, deportistas y público ciclista encontrarán en los más de 1100 m² de exposición los últimos avances tecnológicos, oportunidades para forjar nuevos lazos y probar productos.  </strong></p>
<p>Durante 4 días Mallorca se convertirá en el punto de encuentro global para la comunidad ciclista y lo hará en Motorworld Mallorca. Sin duda el festival no solo atraerá a los amantes del ciclismo, sino también impulsará las colaboraciones, oportunidades de negocio y lanzamientos de temporada. Además la oportunidad será propicia para que el sector hotelero pueda ofrecer sus mejores ofertas y así consolidar e impulsar aún más el liderazgo de Mallorca como destino de referencia en cicloturismo mundial. Para más información: <a href="https://www.oktobikefest.com/" target="_blank" rel="noopener">oktobikefest.com</a>   </p>

<p>Oktobikefest es el primer festival internacional dedicado al ciclismo en Mallorca. Las marcas más prestigiosas del sector, expositores, expertos, deportistas y público ciclista encontrarán en los más de 1100 m² [&hellip;]</p>
