{"id":112249,"date":"2024-07-02T13:48:31","date_gmt":"2024-07-02T11:48:31","guid":{"rendered":"https:\/\/motorworld.de\/mallorca\/almacenamiento-de-coches\/"},"modified":"2025-04-29T10:11:06","modified_gmt":"2025-04-29T08:11:06","slug":"almacenamiento-de-coches","status":"publish","type":"page","link":"https:\/\/motorworld.de\/es\/mallorca\/almacenamiento-de-coches\/","title":{"rendered":"Almacenamiento de coches"},"content":{"rendered":"\t\t<div data-elementor-type=\"wp-page\" data-elementor-id=\"112249\" class=\"elementor elementor-112249 elementor-112204\" data-elementor-post-type=\"page\">\n\t\t\t\t<div class=\"elementor-element elementor-element-50f6134 e-flex e-con-boxed e-con e-parent\" data-id=\"50f6134\" data-element_type=\"container\" data-e-type=\"container\" data-settings=\"{&quot;background_background&quot;:&quot;classic&quot;}\">\n\t\t\t\t\t<div class=\"e-con-inner\">\n\t\t\t\t<div class=\"elementor-element elementor-element-bd1341a elementor-widget elementor-widget-wp-widget-bcn_widget\" data-id=\"bd1341a\" data-element_type=\"widget\" data-e-type=\"widget\" data-widget_type=\"wp-widget-bcn_widget.default\">\n\t\t\t\t<div class=\"elementor-widget-container\">\n\t\t\t\t\t<div class=\"breadcrumbs\" vocab=\"https:\/\/schema.org\/\" typeof=\"BreadcrumbList\"><span property=\"itemListElement\" typeof=\"ListItem\"><a property=\"item\" typeof=\"WebPage\" title=\"Go to Motorworld Eventlocations.\" href=\"https:\/\/motorworld.de\/\" class=\"home\" aria-current=\"page\"><span property=\"name\">Home<\/span><\/a><meta property=\"position\" content=\"1\"><\/span><\/div>\t\t\t\t<\/div>\n\t\t\t\t<\/div>\n\t\t\t\t\t<\/div>\n\t\t\t\t<\/div>\n\t\t<div class=\"elementor-element elementor-element-838f989 e-flex e-con-boxed e-con e-parent\" data-id=\"838f989\" data-element_type=\"container\" data-e-type=\"container\" data-settings=\"{&quot;background_background&quot;:&quot;classic&quot;}\">\n\t\t\t\t\t<div class=\"e-con-inner\">\n\t\t<div class=\"elementor-element elementor-element-b6cb4c8 e-con-full e-flex e-con e-child\" data-id=\"b6cb4c8\" data-element_type=\"container\" data-e-type=\"container\">\n\t\t\t\t<div class=\"elementor-element elementor-element-9126d34 elementor-widget elementor-widget-image\" data-id=\"9126d34\" data-element_type=\"widget\" data-e-type=\"widget\" data-widget_type=\"image.default\">\n\t\t\t\t<div class=\"elementor-widget-container\">\n\t\t\t\t\t\t\t\t\t\t\t\t\t\t\t<img fetchpriority=\"high\" decoding=\"async\" width=\"2500\" height=\"1607\" src=\"https:\/\/motorworld.de\/wp-content\/uploads\/2025\/04\/Motorworld_Mallorca_Glasboxen-2-1.jpg\" class=\"attachment-full size-full wp-image-126423\" alt=\"\" srcset=\"https:\/\/motorworld.de\/wp-content\/uploads\/2025\/04\/Motorworld_Mallorca_Glasboxen-2-1.jpg 2500w, https:\/\/motorworld.de\/wp-content\/uploads\/2025\/04\/Motorworld_Mallorca_Glasboxen-2-1-300x193.jpg 300w, https:\/\/motorworld.de\/wp-content\/uploads\/2025\/04\/Motorworld_Mallorca_Glasboxen-2-1-1024x658.jpg 1024w, https:\/\/motorworld.de\/wp-content\/uploads\/2025\/04\/Motorworld_Mallorca_Glasboxen-2-1-768x494.jpg 768w, https:\/\/motorworld.de\/wp-content\/uploads\/2025\/04\/Motorworld_Mallorca_Glasboxen-2-1-1536x987.jpg 1536w, https:\/\/motorworld.de\/wp-content\/uploads\/2025\/04\/Motorworld_Mallorca_Glasboxen-2-1-2048x1316.jpg 2048w\" sizes=\"(max-width: 2500px) 100vw, 2500px\" \/>\t\t\t\t\t\t\t\t\t\t\t\t\t\t\t<\/div>\n\t\t\t\t<\/div>\n\t\t<div class=\"elementor-element elementor-element-8ebfe35 e-con-full e-flex e-con e-child\" data-id=\"8ebfe35\" data-element_type=\"container\" data-e-type=\"container\">\n\t\t<div class=\"elementor-element elementor-element-37c5cc5 e-con-full e-flex e-con e-child\" data-id=\"37c5cc5\" data-element_type=\"container\" data-e-type=\"container\">\n\t\t\t\t<div class=\"elementor-element elementor-element-88cf3a6 elementor-widget elementor-widget-heading\" data-id=\"88cf3a6\" data-element_type=\"widget\" data-e-type=\"widget\" data-widget_type=\"heading.default\">\n\t\t\t\t<div class=\"elementor-widget-container\">\n\t\t\t\t\t<h2 class=\"elementor-heading-title elementor-size-default\"><span style=\"font-weight:700\">Almacenamiento de coches<\/span> <br>MOTORWORLD Mallorca<\/h2>\t\t\t\t<\/div>\n\t\t\t\t<\/div>\n\t\t\t\t<div class=\"elementor-element elementor-element-7fc3118 elementor-widget elementor-widget-text-editor\" data-id=\"7fc3118\" data-element_type=\"widget\" data-e-type=\"widget\" data-widget_type=\"text-editor.default\">\n\t\t\t\t<div class=\"elementor-widget-container\">\n\t\t\t\t\t\t\t\t\t<p>Para los propietarios de veh\u00edculos de colecci\u00f3n, hay 60 cajas de almacenamiento de cristal en las que tesoros m\u00f3viles como coches cl\u00e1sicos, cl\u00e1sicos modernos, veh\u00edculos de temporada, coches de lujo, supercoches, hipercoches&#8230; reciben un elegante hogar. Los veh\u00edculos se presentan y almacenan de forma segura en las cajas de cristal en las mejores condiciones posibles. Las cajas son accesibles las 24 horas del d\u00eda, los 365 d\u00edas del a\u00f1o.  <\/p>\t\t\t\t\t\t\t\t<\/div>\n\t\t\t\t<\/div>\n\t\t\t\t<div class=\"elementor-element elementor-element-54ea9d4 elementor-align-left elementor-widget elementor-widget-button\" data-id=\"54ea9d4\" data-element_type=\"widget\" data-e-type=\"widget\" data-widget_type=\"button.default\">\n\t\t\t\t<div class=\"elementor-widget-container\">\n\t\t\t\t\t\t\t\t\t<div class=\"elementor-button-wrapper\">\n\t\t\t\t\t<a class=\"elementor-button elementor-button-link elementor-size-sm\" href=\"https:\/\/kontakt.motorworld.de\/?location=mallorca\">\n\t\t\t\t\t\t<span class=\"elementor-button-content-wrapper\">\n\t\t\t\t\t\t\t\t\t<span class=\"elementor-button-text\">Su solicitud<\/span>\n\t\t\t\t\t<\/span>\n\t\t\t\t\t<\/a>\n\t\t\t\t<\/div>\n\t\t\t\t\t\t\t\t<\/div>\n\t\t\t\t<\/div>\n\t\t\t\t<\/div>\n\t\t<div class=\"elementor-element elementor-element-6107475 e-con-full e-flex e-con e-child\" data-id=\"6107475\" data-element_type=\"container\" data-e-type=\"container\">\n\t\t\t\t<div class=\"elementor-element elementor-element-c16120f elementor-widget elementor-widget-image\" data-id=\"c16120f\" data-element_type=\"widget\" data-e-type=\"widget\" data-widget_type=\"image.default\">\n\t\t\t\t<div class=\"elementor-widget-container\">\n\t\t\t\t\t\t\t\t\t\t\t\t\t\t\t\t<a href=\"https:\/\/motorworld.de\/mallorca\/\">\n\t\t\t\t\t\t\t<img decoding=\"async\" width=\"693\" height=\"125\" src=\"https:\/\/motorworld.de\/wp-content\/uploads\/2022\/08\/mw-logo-2022-standorte-mallorca-e1642523953433.png\" class=\"attachment-full size-full wp-image-72536\" alt=\"Lugar del evento motociclista Motorworld Mallorca con bandera de carreras como logotipo\" srcset=\"https:\/\/motorworld.de\/wp-content\/uploads\/2022\/08\/mw-logo-2022-standorte-mallorca-e1642523953433.png 693w, https:\/\/motorworld.de\/wp-content\/uploads\/2022\/08\/mw-logo-2022-standorte-mallorca-e1642523953433-300x54.png 300w\" sizes=\"(max-width: 693px) 100vw, 693px\" \/>\t\t\t\t\t\t\t\t<\/a>\n\t\t\t\t\t\t\t\t\t\t\t\t\t\t\t<\/div>\n\t\t\t\t<\/div>\n\t\t\t\t<div class=\"elementor-element elementor-element-f616eca elementor-align-start elementor-icon-list--layout-traditional elementor-list-item-link-full_width elementor-widget elementor-widget-icon-list\" data-id=\"f616eca\" data-element_type=\"widget\" data-e-type=\"widget\" data-widget_type=\"icon-list.default\">\n\t\t\t\t<div class=\"elementor-widget-container\">\n\t\t\t\t\t\t\t<ul class=\"elementor-icon-list-items\">\n\t\t\t\t\t\t\t<li class=\"elementor-icon-list-item\">\n\t\t\t\t\t\t\t\t\t\t\t<a href=\"tel:+34971599449\">\n\n\t\t\t\t\t\t\t\t\t\t\t<span class=\"elementor-icon-list-text\">Tel\u00e9fono +34 674583405<\/span>\n\t\t\t\t\t\t\t\t\t\t\t<\/a>\n\t\t\t\t\t\t\t\t\t<\/li>\n\t\t\t\t\t\t\t\t<li class=\"elementor-icon-list-item\">\n\t\t\t\t\t\t\t\t\t\t\t<a href=\"mailto:mallorca@motorworld.de\">\n\n\t\t\t\t\t\t\t\t\t\t\t<span class=\"elementor-icon-list-text\">mallorca@motorworld.de<\/span>\n\t\t\t\t\t\t\t\t\t\t\t<\/a>\n\t\t\t\t\t\t\t\t\t<\/li>\n\t\t\t\t\t\t\t\t<li class=\"elementor-icon-list-item\">\n\t\t\t\t\t\t\t\t\t\t\t<a href=\"https:\/\/maps.app.goo.gl\/SK5ZDkJvski5avVK7\" target=\"_blank\" rel=\"noopener\">\n\n\t\t\t\t\t\t\t\t\t\t\t<span class=\"elementor-icon-list-text\">Localizaci\u00f3n Google Maps \u203a<\/span>\n\t\t\t\t\t\t\t\t\t\t\t<\/a>\n\t\t\t\t\t\t\t\t\t<\/li>\n\t\t\t\t\t\t<\/ul>\n\t\t\t\t\t\t<\/div>\n\t\t\t\t<\/div>\n\t\t\t\t<\/div>\n\t\t\t\t<\/div>\n\t\t\t\t<\/div>\n\t\t\t\t\t<\/div>\n\t\t\t\t<\/div>\n\t\t\t\t<\/div>\n\t\t","protected":false},"excerpt":{"rendered":"<p>Almacenamiento de coches MOTORWORLD Mallorca Para los propietarios de veh\u00edculos de colecci\u00f3n, hay 60 cajas de almacenamiento de cristal en las que tesoros m\u00f3viles como coches cl\u00e1sicos, cl\u00e1sicos modernos, veh\u00edculos [&hellip;]<\/p>\n","protected":false},"author":1,"featured_media":0,"parent":72604,"menu_order":0,"comment_status":"closed","ping_status":"closed","template":"","meta":{"_acf_changed":false,"footnotes":""},"categories":[],"class_list":["post-112249","page","type-page","status-publish","hentry"],"acf":[],"_links":{"self":[{"href":"https:\/\/motorworld.de\/es\/wp-json\/wp\/v2\/pages\/112249","targetHints":{"allow":["GET"]}}],"collection":[{"href":"https:\/\/motorworld.de\/es\/wp-json\/wp\/v2\/pages"}],"about":[{"href":"https:\/\/motorworld.de\/es\/wp-json\/wp\/v2\/types\/page"}],"author":[{"embeddable":true,"href":"https:\/\/motorworld.de\/es\/wp-json\/wp\/v2\/users\/1"}],"replies":[{"embeddable":true,"href":"https:\/\/motorworld.de\/es\/wp-json\/wp\/v2\/comments?post=112249"}],"version-history":[{"count":0,"href":"https:\/\/motorworld.de\/es\/wp-json\/wp\/v2\/pages\/112249\/revisions"}],"up":[{"embeddable":true,"href":"https:\/\/motorworld.de\/es\/wp-json\/wp\/v2\/pages\/72604"}],"wp:attachment":[{"href":"https:\/\/motorworld.de\/es\/wp-json\/wp\/v2\/media?parent=112249"}],"wp:term":[{"taxonomy":"category","embeddable":true,"href":"https:\/\/motorworld.de\/es\/wp-json\/wp\/v2\/categories?post=112249"}],"curies":[{"name":"wp","href":"https:\/\/api.w.org\/{rel}","templated":true}]}}

<div data-elementor-type="wp-page" data-elementor-id="112249" class="elementor elementor-112249 elementor-112204" data-elementor-post-type="page">
				<div class="elementor-element elementor-element-50f6134 e-flex e-con-boxed e-con e-parent" data-id="50f6134" data-element_type="container" data-e-type="container" data-settings="{&quot;background_background&quot;:&quot;classic&quot;}">
					<div class="e-con-inner">
				<div class="elementor-element elementor-element-bd1341a elementor-widget elementor-widget-wp-widget-bcn_widget" data-id="bd1341a" data-element_type="widget" data-e-type="widget" data-widget_type="wp-widget-bcn_widget.default">
				<div class="elementor-widget-container">
					<div class="breadcrumbs" vocab="https://schema.org/" typeof="BreadcrumbList"><span property="itemListElement" typeof="ListItem"><a property="item" typeof="WebPage" title="Go to Motorworld Eventlocations." href="https://motorworld.de/" class="home" aria-current="page"><span property="name">Home</span></a><meta property="position" content="1"></span></div>				</div>
				</div>
					</div>
				</div>
		<div class="elementor-element elementor-element-838f989 e-flex e-con-boxed e-con e-parent" data-id="838f989" data-element_type="container" data-e-type="container" data-settings="{&quot;background_background&quot;:&quot;classic&quot;}">
					<div class="e-con-inner">
		<div class="elementor-element elementor-element-b6cb4c8 e-con-full e-flex e-con e-child" data-id="b6cb4c8" data-element_type="container" data-e-type="container">
				<div class="elementor-element elementor-element-9126d34 elementor-widget elementor-widget-image" data-id="9126d34" data-element_type="widget" data-e-type="widget" data-widget_type="image.default">
				<div class="elementor-widget-container">
															<img fetchpriority="high" decoding="async" width="2500" height="1607" src="https://motorworld.de/wp-content/uploads/2025/04/Motorworld_Mallorca_Glasboxen-2-1.jpg" class="attachment-full size-full wp-image-126423" alt="" srcset="https://motorworld.de/wp-content/uploads/2025/04/Motorworld_Mallorca_Glasboxen-2-1.jpg 2500w, https://motorworld.de/wp-content/uploads/2025/04/Motorworld_Mallorca_Glasboxen-2-1-300x193.jpg 300w, https://motorworld.de/wp-content/uploads/2025/04/Motorworld_Mallorca_Glasboxen-2-1-1024x658.jpg 1024w, https://motorworld.de/wp-content/uploads/2025/04/Motorworld_Mallorca_Glasboxen-2-1-768x494.jpg 768w, https://motorworld.de/wp-content/uploads/2025/04/Motorworld_Mallorca_Glasboxen-2-1-1536x987.jpg 1536w, https://motorworld.de/wp-content/uploads/2025/04/Motorworld_Mallorca_Glasboxen-2-1-2048x1316.jpg 2048w" sizes="(max-width: 2500px) 100vw, 2500px" />															</div>
				</div>
		<div class="elementor-element elementor-element-8ebfe35 e-con-full e-flex e-con e-child" data-id="8ebfe35" data-element_type="container" data-e-type="container">
		<div class="elementor-element elementor-element-37c5cc5 e-con-full e-flex e-con e-child" data-id="37c5cc5" data-element_type="container" data-e-type="container">
				<div class="elementor-element elementor-element-88cf3a6 elementor-widget elementor-widget-heading" data-id="88cf3a6" data-element_type="widget" data-e-type="widget" data-widget_type="heading.default">
				<div class="elementor-widget-container">
					<h2 class="elementor-heading-title elementor-size-default"><span style="font-weight:700">Almacenamiento de coches</span> <br>MOTORWORLD Mallorca</h2>				</div>
				</div>
				<div class="elementor-element elementor-element-7fc3118 elementor-widget elementor-widget-text-editor" data-id="7fc3118" data-element_type="widget" data-e-type="widget" data-widget_type="text-editor.default">
				<div class="elementor-widget-container">
									<p>Para los propietarios de vehículos de colección, hay 60 cajas de almacenamiento de cristal en las que tesoros móviles como coches clásicos, clásicos modernos, vehículos de temporada, coches de lujo, supercoches, hipercoches&#8230; reciben un elegante hogar. Los vehículos se presentan y almacenan de forma segura en las cajas de cristal en las mejores condiciones posibles. Las cajas son accesibles las 24 horas del día, los 365 días del año.  </p>								</div>
				</div>
				<div class="elementor-element elementor-element-54ea9d4 elementor-align-left elementor-widget elementor-widget-button" data-id="54ea9d4" data-element_type="widget" data-e-type="widget" data-widget_type="button.default">
				<div class="elementor-widget-container">
									<div class="elementor-button-wrapper">
					<a class="elementor-button elementor-button-link elementor-size-sm" href="https://kontakt.motorworld.de/?location=mallorca">
						<span class="elementor-button-content-wrapper">
									<span class="elementor-button-text">Su solicitud</span>
					</span>
					</a>
				</div>
								</div>
				</div>
				</div>
		<div class="elementor-element elementor-element-6107475 e-con-full e-flex e-con e-child" data-id="6107475" data-element_type="container" data-e-type="container">
				<div class="elementor-element elementor-element-c16120f elementor-widget elementor-widget-image" data-id="c16120f" data-element_type="widget" data-e-type="widget" data-widget_type="image.default">
				<div class="elementor-widget-container">
																<a href="https://motorworld.de/mallorca/">
							<img decoding="async" width="693" height="125" src="https://motorworld.de/wp-content/uploads/2022/08/mw-logo-2022-standorte-mallorca-e1642523953433.png" class="attachment-full size-full wp-image-72536" alt="Lugar del evento motociclista Motorworld Mallorca con bandera de carreras como logotipo" srcset="https://motorworld.de/wp-content/uploads/2022/08/mw-logo-2022-standorte-mallorca-e1642523953433.png 693w, https://motorworld.de/wp-content/uploads/2022/08/mw-logo-2022-standorte-mallorca-e1642523953433-300x54.png 300w" sizes="(max-width: 693px) 100vw, 693px" />								</a>
															</div>
				</div>
				<div class="elementor-element elementor-element-f616eca elementor-align-start elementor-icon-list--layout-traditional elementor-list-item-link-full_width elementor-widget elementor-widget-icon-list" data-id="f616eca" data-element_type="widget" data-e-type="widget" data-widget_type="icon-list.default">
				<div class="elementor-widget-container">
							<ul class="elementor-icon-list-items">
							<li class="elementor-icon-list-item">
											<a href="tel:+34971599449">

											<span class="elementor-icon-list-text">Teléfono +34 674583405</span>
											</a>
									</li>
								<li class="elementor-icon-list-item">
											<a href="mailto:mallorca@motorworld.de">

											<span class="elementor-icon-list-text">mallorca@motorworld.de</span>
											</a>
									</li>
								<li class="elementor-icon-list-item">
											<a href="https://maps.app.goo.gl/SK5ZDkJvski5avVK7" target="_blank" rel="noopener">

											<span class="elementor-icon-list-text">Localización Google Maps ›</span>
											</a>
									</li>
						</ul>
						</div>
				</div>
				</div>
				</div>
				</div>
					</div>
				</div>
				</div>

<p>Almacenamiento de coches MOTORWORLD Mallorca Para los propietarios de vehículos de colección, hay 60 cajas de almacenamiento de cristal en las que tesoros móviles como coches clásicos, clásicos modernos, vehículos [&hellip;]</p>
